{"id":1238,"date":"2016-11-29T03:20:22","date_gmt":"2016-11-29T03:20:22","guid":{"rendered":"https:\/\/barakatur.com\/?post_type=product&#038;p=1238"},"modified":"2026-04-14T01:09:20","modified_gmt":"2026-04-14T01:09:20","slug":"izmir-tour","status":"publish","type":"product","link":"https:\/\/barakatur.com\/?product=izmir-tour","title":{"rendered":"\u0130ZM\u0130R TOUR"},"content":{"rendered":"<p>\u0130ZM\u0130R<\/p>\n<p>5 YILDIZLI OTELLER DE 3 G\u00dcN 2 GECE KONAKLAMA<\/p>\n<p>\u0130zmir, T\u00fcrkiye&#8217;nin bir ili ve en kalabal\u0131k \u00fc\u00e7\u00fcnc\u00fc \u015fehridir. N\u00fcfusu 2019 itibar\u0131yla 4.367.251 ki\u015fidir. Bu n\u00fcfus; 30 il\u00e7e ve bu il\u00e7elere ba\u011fl\u0131 1.297 mahallede ya\u015famaktad\u0131r.<\/p>\n<table class=\"tours-tabs_table\">\n<tbody>\n<tr>\n<td><strong>TUR HAR\u0130TASI<\/strong><\/td>\n<td>\u0130zmir<\/td>\n<\/tr>\n<tr>\n<td><strong>TUR S\u00dcRES\u0130<\/strong><\/td>\n<td>Please arrive at least\u00a02 hours before the flight.<\/td>\n<\/tr>\n<tr>\n<td><strong>TUR \u0130\u00c7ER\u0130\u011e\u0130<\/strong><\/td>\n<td>\n<table>\n<tbody>\n<tr>\n<td><i class=\"fa fa-check icon-tick icon-tick--on\"><\/i>Airfare<\/td>\n<td><i class=\"fa fa-check icon-tick icon-tick--on\"><\/i>Accommodations<\/td>\n<\/tr>\n<tr>\n<td><i class=\"fa fa-check icon-tick icon-tick--on\"><\/i>2 days cruise<\/td>\n<td><i class=\"fa fa-check icon-tick icon-tick--on\"><\/i>Professional guide<\/td>\n<\/tr>\n<\/tbody>\n<\/table>\n<\/td>\n<\/tr>\n<tr>\n<td><b>TURA EK \u00dcCRETL\u0130 DAH\u0130L OLAN<\/b><\/td>\n<td>\n<table>\n<tbody>\n<tr>\n<td><i class=\"fa fa-times icon-tick icon-tick--off\"><\/i>Entrance fees<\/td>\n<\/tr>\n<tr>\n<td><i class=\"fa fa-times icon-tick icon-tick--off\"><\/i>Guide\u00a0gratuity<\/td>\n<\/tr>\n<\/tbody>\n<\/table>\n<\/td>\n<\/tr>\n<\/tbody>\n<\/table>\n<p>Ridiculus sociis dui eu vivamus tempor justo diam aliquam. Ipsum nunc purus, pede sed placerat sit habitasse potenti eleifend magna mus sociosqu hymenaeos cras metus mi donec tortor nisi leo dignissim turpis sit torquent.<\/p>\n<p>Potenti mattis ad mollis eleifend Phasellus adipiscing ullamcorper interdum faucibus orci litora ornare aliquam. Ligula feugiat scelerisque. Molestie. Facilisi hac.<\/p>\n","protected":false},"excerpt":{"rendered":"<p>\u0130zmir Tour<\/p>\n","protected":false},"featured_media":1432,"comment_status":"open","ping_status":"closed","template":"","meta":[],"class_list":{"0":"post-1238","1":"product","2":"type-product","3":"status-publish","4":"has-post-thumbnail","6":"product_cat-uncategorized","7":"tour_phys-eng","9":"first","10":"instock","11":"shipping-taxable","12":"product-type-simple"},"_links":{"self":[{"href":"https:\/\/barakatur.com\/index.php?rest_route=\/wp\/v2\/product\/1238","targetHints":{"allow":["GET"]}}],"collection":[{"href":"https:\/\/barakatur.com\/index.php?rest_route=\/wp\/v2\/product"}],"about":[{"href":"https:\/\/barakatur.com\/index.php?rest_route=\/wp\/v2\/types\/product"}],"replies":[{"embeddable":true,"href":"https:\/\/barakatur.com\/index.php?rest_route=%2Fwp%2Fv2%2Fcomments&post=1238"}],"wp:featuredmedia":[{"embeddable":true,"href":"https:\/\/barakatur.com\/index.php?rest_route=\/wp\/v2\/media\/1432"}],"wp:attachment":[{"href":"https:\/\/barakatur.com\/index.php?rest_route=%2Fwp%2Fv2%2Fmedia&parent=1238"}],"curies":[{"name":"wp","href":"https:\/\/api.w.org\/{rel}","templated":true}]}}